c(7).
14
Let u(f) = -4*f**3 + 25*f**2 - 102*f + 536. Calculate u(6).
-40
Let q(l) = 6*l**3 - 16*l**2 - 2*l + 2. Determine q(1).
-10
Let f(d) = -27*d - 55. Determine f(-4).
53
Let u(n) = n**2 + n + 42. What is u(-9)?
114
Let i(o) = -353*o - 20120. Calculate i(-57).
1
Let o(a) = a**3 - 21*a**2 + 42*a - 73. Determine o(19).
3
Let d(h) = -h**2 - 38*h + 95. What is d(-40)?
15
Let i(u) = u**3 + 3*u**2 - 9*u. Determine i(-9).
-405
Let u(y) = -2*y**2 + 65*y - 76. What is u(0)?
-76
Let f(v) = -15*v + 2158. Determine f(144).
-2
Let c(f) = f**3 + 251*f**2 - 1263*f + 4351. Calculate c(-256).
-1
Let m(l) = 6*l + 269. What is m(-28)?
101
Let n(o) = -o**2 + 5*o + 14. Determine n(8).
-10
Let f(t) = 4*t**2 + 90*t - 291. Calculate f(-26).
73
Let s(d) = -397*d + 7095. Give s(18).
-51
Let h(b) = -b**2 - 19*b + 67. Give h(11).
-263
Let h(n) = -477*n + 12877. Calculate h(27).
-2
Let p(i) = 470*i + 403. What is p(-1)?
-67
Let c(y) = -98*y - 3680. Calculate c(-38).
44
Let v(j) = j**3 - 22*j**2 - 55*j + 1168. Determine v(22).
-42
Let t(o) = -7*o**3 - 7*o - 3. What is t(-2)?
67
Let l(b) = -b**3 - b**2 + 27*b + 181. Calculate l(-7).
286
Let l(w) = 2*w**3 - 43*w**2 + 153*w - 1. Determine l(17).
-1
Let f(t) = -32*t - 1238. Calculate f(-42).
106
Let j(a) = -1611*a - 3243. What is j(-2)?
-21
Let w(t) = -t**3 - 15*t**2 - 33*t - 347. Determine w(-16).
437
Let h(d) = -7*d**3 + 29*d**2 - 57*d - 1. What is h(2)?
-55
Let l(i) = 1030*i - 2057. Give l(2).
3
Let t(m) = m**2 + 737*m - 3715. What is t(5)?
-5
Let v(c) = -39*c - 1239. What is v(-32)?
9
Let r(t) = t**3 + 76*t**2 + 308*t + 1446. Give r(-72).
6
Let a(k) = -131*k - 827. Determine a(-6).
-41
Let n(k) = -1318*k - 1318. What is n(-1)?
0
Let o(w) = -w**3 - 5*w**2 - 10*w - 32. Give o(-6).
64
Let a(g) = 361*g - 2175. Calculate a(6).
-9
Let j(z) = 85*z + 2528. Give j(-30).
-22
Let g(q) = 6*q**3 - 320*q**2 + 107*q - 64. What is g(53)?
-11
Let a(v) = -v**2 + 8*v + 270. Calculate a(-21).
-339
Let o(t) = 3*t**3 + 39*t**2 - 217*t - 3027. Calculate o(-12).
9
Let m(n) = -573*n - 6296. Calculate m(-11).
7
Let v(q) = 16*q + 446. Determine v(-29).
-18
Let h(f) = -9*f**2 + 869*f - 472. Determine h(96).
8
Let z(y) = y**3 + 177*y**2 - 19*y - 3378. What is z(-177)?
-15
Let i(t) = 79*t - 758. Determine i(8).
-126
Let z(d) = -d**3 - 13*d**2 - 51*d - 455. What is z(-12)?
13
Let p(t) = t**3 + 100*t**2 + 290*t - 87. Determine p(-97).
10
Let l(v) = -v**2 - 35*v - 221. Give l(-7).
-25
Let w(l) = -l**3 + 17*l**2 - 58*l - 82. What is w(11)?
6
Let i(z) = -3*z**2 - 247*z - 315. Calculate i(-81).
9
Let u(o) = o**3 - 59*o**2 + 680*o + 134. Calculate u(16).
6
Let i(b) = -41*b + 280. What is i(13)?
-253
Let d(b) = -51*b + 170. Give d(-2).
272
Let z(j) = -j**2 + 30*j + 4394. Determine z(83).
-5
Let l(v) = -615*v - 6146. Determine l(-10).
4
Let t(j) = 2*j**3 + 170*j**2 - 171*j + 188. Calculate t(-86).
102
Let f(c) = 4*c**3 - 19*c**2 - 64*c + 11. Determine f(7).
4
Let b(z) = -38*z + 303. What is b(16)?
-305
Let j(u) = u**3 + 236*u**2 + 197*u - 8933. Calculate j(-235).
-3
Let q(v) = -6*v**3 + 16*v**2 + 55*v - 116. Determine q(4).
-24
Let c(i) = 12*i**2 + 94*i - 12. Determine c(-9).
114
Let n(l) = l**3 + 15*l**2 + 22*l + 19. What is n(-13)?
71
Let z(k) = 401*k + 3245. Give z(-8).
37
Let m(y) = 61269*y - 735224. Determine m(12).
4
Let f(x) = 42*x**2 - 189*x - 95. What is f(5)?
10
Let a(y) = 6*y**2 - 28*y + 3. Calculate a(5).
13
Let g(z) = 172*z**2 - 3087*z - 165. Give g(18).
-3
Let a(f) = -f**2 + 108*f + 1578. Give a(121).
5
Let p(s) = 4*s**3 + 4*s**2 + 86*s - 325. Give p(4).
339
Let n(a) = 26*a - 208. What is n(13)?
130
Let s(i) = -8*i**2 - 196*i - 266. Give s(-23).
10
Let n(t) = -t**3 - 18*t**2 + 22*t + 232. Calculate n(-19).
175
Let x(y) = y**3 - 12*y**2 - 16*y + 32. What is x(13)?
-7
Let r(t) = 8*t**2 + 19*t - 522. What is r(7)?
3
Let a(y) = -11*y**2 - 8*y + 21. Calculate a(-5).
-214
Let d(c) = -c**3 - 49*c**2 - 131*c - 20. Calculate d(-46).
-342
Let o(i) = -i**3 + 15*i - 74. Give o(-6).
52
Let o(p) = -p**3 + 17*p**2 - 10*p - 452. Give o(14).
-4
Let k(d) = 2*d**3 + 26*d**2 + 3*d - 16. Calculate k(-8).
600
Let w(d) = -653*d + 144. Determine w(0).
144
Let u(o) = -9*o**2 - 5*o - 10. Determine u(4).
-174
Let p(i) = i**3 + 3*i**2 + 12*i + 13. Give p(0).
13
Let s(n) = 24*n + 14. Determine s(8).
206
Let q(s) = s**3 + 39*s**2 + 369*s - 24. What is q(-17)?
61
Let j(x) = 3*x**2 - x + 2. Determine j(3).
26
Let c(d) = d**3 - 31*d**2 - 417*d - 70. Determine c(-10).
0
Let x(r) = 14*r + 94. What is x(4)?
150
Let o(h) = h**2 + 43*h + 177. Give o(-17).
-265
Let q(t) = t**3 - 102*t**2 + 396*t - 512. Give q(98).
-120
Let a(y) = y**2 - y - 72. Determine a(-17).
234
Let k(f) = -46*f**2 - 142*f - 28. Calculate k(-3).
-16
Let y(o) = -159*o + 760. What is y(5)?
-35
Let a(l) = 5*l**2 - 3*l + 6. Give a(0).
6
Let c(t) = t**3 + 17*t**2 - 58*t - 16. Determine c(-20).
-56
Let x(w) = -3*w**2 - 338*w - 4837. Determine x(-96).
-37
Let b(w) = 20*w - 397. Determine b(21).
23
Let b(t) = 537*t + 540. Determine b(-1).
3
Let v(r) = 30*r - 909. Give v(32).
51
Let x(r) = 4*r**3 - 102*r**2 - 51*r - 49. Give x(26).
-23
Let m(y) = -64*y**2 + 9*y + 6. What is m(1)?
-49
Let a(u) = 341*u**3 + 2048*u**2 + 9*u - 19. Give a(-6).
-1
Let a(r) = r**3 + 16*r**2 - 466*r + 49. Determine a(-31).
80
Let m(z) = -6*z**2 - 190*z + 62. Determine m(-32).
-2
Let y(p) = 50*p + 254. Calculate y(-5).
4
Let r(i) = i**3 - 3*i**2 - 23*i - 16. Calculate r(-5).
-101
Let q(j) = -j**3 + 33*j**2 - 74*j + 279. Give q(31).
-93
Let o(u) = 9*u**2 + 706*u + 306. Give o(-78).
-6
Let q(d) = -256*d + 5632. Calculate q(22).
0
Let r(a) = a**3 - 2*a**2 + a - 158. Calculate r(0).
-158
Let n(y) = -3*y**3 - 5*y**2 - 9*y - 14. Determine n(-3).
49
Let q(i) = -i**3 + 13*i**2 + 86*i - 22. Calculate q(-5).
-2
Let r(t) = 40*t + 787. Determine r(-19).
27
Let l(x) = -x**3 + 15*x**2 - 52*x + 21. Determine l(11).
-67
Let r(v) = -v**3 + 11*v**2 - 19*v + 9. Determine r(7).
72
Let v(s) = -3*s**2 + 188*s + 1314. Calculate v(69).
3
Let l(i) = -i**2 - 31*i - 204. What is l(-13)?
30
Let i(k) = k**3 + 9*k**2 + 6*k - 67. What is i(-10)?
-227
Let z(i) = -i**2 - 23*i + 111. Give z(0).
111
Let w(l) = -4*l**3 + 145*l**2 - 51*l + 502. Determine w(36).
-38
Let z(q) = -4*q**2 - 32*q + 104. What is z(-12)?
-88
Let c(h) = -h**2 + 10*h + 1734. What is c(47)?
-5
Let f(n) = 91*n - 194. What is f(2)?
-12
Let n(s) = -4*s**3 + 51*s**2 + 66*s + 49. Determine n(14).
-7
Let j(q) = -2*q + 266. Give j(42).
182
Let z(w) = w**3 + 39*w**2 - 314*w + 313. Calculate z(-46).
-55
Let b(k) = 12*k - 16. Calculate b(-9).
-124
Let b(t) = t**3 - 66*t**2 - 79*t + 810. Give b(67).
6
Let u(j) = -32*j + 379. What is u(12)?
-5
Let a(p) = 2*p**3 + 21*p**2 - 70*p - 71. What is a(-13)?
-6
Let c(g) = g**3 + 6*g**2 - 35*g - 206. Calculate c(-6).
4
Let q(y) = -62*y**3 - 2*y**2 - 5*y - 5. What is q(-1)?
60
Let p(r) = -127*r + 9029. Calculate p(71).
12
Let z(j) = 25*j + 3189. What is z(-128)?
-11
Let i(q) = -252*q + 22931. Calculate i(91).
-1
Let d(p) = p**3 - 7*p**2 - 2*p - 17. What is d(6)?
-65
Let l(u) = -u**3 + 7*u**2 + 9*u + 28. Determine l(8).
36
Let r(o) = -115*o + 5627. Determine r(49).
-8
Let l(k) = -k**2 - 22*k + 163. What is l(-21)?
184
Let n(s) = -s**2 - 617*s - 29382. Give n(-52).
-2
Let f(j) = -1121*j - 16820. Determine f(-15).
-5
Let u(m) = 2*m**3 + 6*m**2 - 9*m. Determine u(-5).
-55
Let v(x) = -5318*x + 148908. What is v(28)?
4
Let c(i) = -i**2 + 160*i - 6223. What is c(66)?
-19
Let v(f) = -1842*f - 5527. Give v(-3).
-1
Let s(r) = r**3 - 103*r**2 + 300*r + 18. What is s(100)?
18
Let y(t) = -t**3 + 2*t**2 - 15*t + 83. Determine y(10).
-867
Let z(s) = 2*s**3 - 23*s**2 + 14*s - 27. Calculate z(11).
6
Let q(b) = -b**3 + 8*b**2 - 4*b - 13. Calculate q(7).
8
Let r(j) = -776*j + 2277. Calculate r(3).
-51
Let r(u) = -u**2 - 189*u - 7806. Determine r(-61).
2
Let z(h) = 139*h**2 - 844*h - 5. Give z(6).
-65
Let k(o) = -320*o + 367. What is k(1)?
47
Let y(w) = -w**3 - 132*w - 19. Give y(0).
-19
Let t(w) = w**3 - 2*w**2 - 49*w + 96. Give t(-7).
-2
Let n(i) = i**3 - 12*i**2 - 121*i + 8. Determine n(-7).
-76
Let k(o) = o**3 + 6*o**2 - 627*o - 4886. Give k(-8).
2
Let f(b) = -4*b**3 + 26*b**2 + 266*b - 21. What is f(12)?
3
Let f(q) = -3*q**2 + 76*q + 5438. Give f(57).
23
Let z(j) = j**3 + 46*j**2 - 22*j + 11